 Suppose k*p - 23 = -x + 3*p, -39 = -x + 5*p. What is the units digit of x?
9
Suppose 3 = -5*g - 2. Let q be -1*69 + (0 - g). Let r = 146 + q. What is the units digit of r?
8
Let f(x) = x**2 + 9*x + 5. Let s be f(-8). What is the units digit of 20/15 - (-1)/s - -22?
3
Suppose 3*y = 3*c + 1407, y - 1409 = -2*y + 2*c. What is the units digit of y?
1
Let x(t) = t**3 - 20*t**2 - 44*t + 17. What is the units digit of x(22)?
7
Let b(m) = 2*m + m**2 - 2 + 3 + 0*m**2. Let d be b(-1). Suppose -4*u + 284 = 4*t - d, -2*u = -2*t - 126. What is the units digit of u?
7
Let a be (3/(-2))/((-5)/770). Let o = a - 129. What is the tens digit of o?
0
Suppose 0 = -2*m + 32 - 8. Let b be (-35)/(-3) - (-4)/m. Suppose -2*j - 5*p = -22, 4*j - 4*p - b - 4 = 0. What is the units digit of j?
6
Let f = 57 - 59. What is the hundreds digit of 24/24 - (1 + 559)/f?
2
Let k = 1224 - 698. What is the tens digit of k?
2
Suppose -38 - 32 = -5*o. Let g(h) = -7*h - 16. Let j be g(8). What is the units digit of (o/6 + -3)*j?
8
Let j = -678 + 1249. What is the units digit of j?
1
Suppose 3*h = -0*i - i - 346, -3*h - 4*i - 358 = 0. What is the units digit of (h/8)/((-48)/128)?
8
Let v(i) = -5*i**2 - i**3 + i**2 + i - 4 - 7*i. Let n(w) = w**2 - 9*w + 10. Let q be n(7). What is the tens digit of v(q)?
2
Let m(l) = -13*l**3 + 7*l**2 + 3*l - 5. What is the tens digit of m(-4)?
2
What is the hundreds digit of 474500/220 + (-24)/(-11) + -2?
1
Suppose -11774 = -278*w + 264*w. What is the tens digit of w?
4
Suppose 4*n = 23 + 17. Suppose -6*a - 76 = -n*a. What is the tens digit of a?
1
Suppose -7*q + 2*q + 970 = 0. What is the units digit of q?
4
Suppose 0 = 2*j + 3*j - 15. Suppose w = j*y - 6*y + 128, 5*y = 2*w - 212. What is the tens digit of w?
1
Suppose -8*b - 3 + 27 = 0. Suppose 3 = -3*o, 0*s - 34 = -s - b*o. What is the units digit of s?
7
What is the units digit of 752 - 28/12*-3?
9
Let t(p) = 3*p + 2*p + 1 - 4*p + 84*p**2 + 0*p. What is the tens digit of t(1)?
8
Suppose -4*c - 17 = 31. Let v = 3 - c. What is the units digit of ((-36)/(-10))/(2/v)?
7
Suppose -7*w + 2*w + 10 = 0. Suppose 0 = -5*o - 5, -3*o - w*o = -2*t + 197. What is the tens digit of t?
9
Suppose -129*q + 126*q = -3684. What is the hundreds digit of q?
2
Let i(k) = -k**3 - 10*k**2 - 21*k + 42. What is the units digit of i(-11)?
4
Suppose 58 = 2*a + 6. Let f be (1 - (1 - -1))*(1 - 1). Suppose 4*u - q = u + a, u - 4*q + 6 = f. What is the tens digit of u?
1
Suppose -2*z = -3*k + k - 4, -5*k - 8 = -3*z. Let u be 1/k + 4 + 31. Let t = 14 + u. What is the units digit of t?
8
Suppose -f = 3*f - 12. Suppose 0 = -4*w + 2*u - 8, -7 = w - 0*u - f*u. What is the tens digit of -1*(-42)/(4 + w)?
1
Suppose 0 = -22*s + 24374 - 5256. What is the tens digit of s?
6
Let n(b) = 3*b**2 + b**3 - 4 + 3*b**2 + 1. What is the units digit of n(-3)?
4
Let a(p) = 2*p**2 + 5*p - 9. Let n be a(-4). Suppose n*d + 645 = 2*h, -5*h - d = -993 - 594. What is the tens digit of h?
1
What is the units digit of -5 + ((-12)/(-6) + 1329 - 2)?
4
Let h(n) = 392*n - 88. What is the thousands digit of h(4)?
1
Let b be (1/(-2))/(3/(-6)). Suppose -s = -2*t - b, -3*s - 6*t = -t - 25. Suppose 3*r - 2 = q - 20, 20 = s*r. What is the units digit of q?
0
Let k(x) = 2*x**3 - 18*x**2 - 60*x + 113. What is the hundreds digit of k(16)?
7
Let o(f) = 2*f**2 + f + 4. Let c be o(-4). Suppose -6*y + c = -2*y. Suppose -s + y = -r, 4*r = 4*s - 6*s + 10. What is the units digit of s?
7
Let t(k) = -k**3 + 8*k**2 + 11*k - 6. Let a = 49 + -8. Suppose 0 = u + 3*u + n - a, 0 = u + 3*n - 24. What is the tens digit of t(u)?
1
Suppose -2*r + 3*r + 1195 = 5*j, 228 = j + 2*r. Suppose 2*l + 2*h - j = 0, h - 607 = -5*l - 0*h. What is the hundreds digit of l?
1
Suppose 0 = -3*c + 3*k - 63, c + 8 + 3 = -k. Let s = c + 19. Suppose -5*r + s*r - 5*z + 104 = 0, 5*r - 3*z - 198 = 0. What is the units digit of r?
2
Suppose -4*l - c - 14 = l, 5*c = -20. What is the units digit of (4 + 0 + l)*56?
2
Suppose -5985 = -8*o + 583. What is the tens digit of o?
2
Let t(w) be the third derivative of w**5/60 - w**4/3 - 13*w**3/6 - 4*w**2. What is the tens digit of t(-6)?
7
Let a(i) = 3*i**2 + i + 2. Let v = 7 + -3. Suppose -v*g - 8 = 4*w, g + w + w = -1. What is the units digit of a(g)?
6
Suppose -62*k - 5598 = -71*k. What is the hundreds digit of k?
6
Let r(d) = -2*d**2 - 18*d - 12. Let t be r(-8). Suppose t*n - 9 = 3. What is the units digit of n?
3
Let i(j) = j**2 + 3*j - 3. Let v be i(1). Let n = -6 + 43. What is the tens digit of (-1 + 2)/(v/n)?
3
Suppose 0*a - 3*a = r - 4, -5*r = a + 22. What is the units digit of (-1432)/(-20) + -5 - 2/r?
7
Let u(x) = -9*x + 67. What is the units digit of u(-6)?
1
Let c(b) = -71*b**3 - 4*b**2 - 6*b - 13. What is the thousands digit of c(-3)?
1
Let b = -57 + 61. Suppose -86 = -2*z + b*c, 2*c + 77 = -2*z + 181. What is the units digit of z?
9
Let d = 11 + -19. Let f be (-2 + d)*(-2 + -2). Suppose -2*n - f = -4*n. What is the units digit of n?
0
Suppose 2*l + 3*u + u = -6, u - 11 = -3*l. Suppose -l*r = 1 - 21. What is the units digit of r?
4
Let o = -347 - -884. What is the tens digit of o?
3
Let f = 29 - -39. What is the units digit of f?
8
What is the units digit of (-5)/(-25) - 818/(-10)?
2
Suppose 0 = -5*g - 3*t + 4213 - 666, 4*g + t - 2839 = 0. What is the units digit of g?
0
Let y(n) = 30*n - 1. Let g be y(1). Let b = 135 - g. What is the hundreds digit of b?
1
Let m(s) = 8*s**2 - 2*s + 2. Let o(y) = y - 3. Let j be o(6). What is the tens digit of m(j)?
6
Suppose 2*x - 3*a - 6963 + 557 = 0, -4*x + 2*a = -12828. What is the hundreds digit of x?
2
Let r be (4/12)/(-3 - 1676/(-558)). Let u = 99 - r. What is the units digit of u?
6
Let j = 195 - -48. Suppose -5*w + j = 3*s, 2*w - 93 - 5 = -2*s. What is the tens digit of w?
4
What is the tens digit of 3*4*(-1)/((-10)/25)?
3
Let l = -65 + 66. What is the tens digit of (l + -2)*0 + (-112)/(-4)?
2
Suppose -2*a = 5*c - 7*c - 318, -a + 162 = 2*c. What is the tens digit of a?
6
Let l be (-820)/32 + (-3)/8. Let y(w) = -7*w - 28. What is the hundreds digit of y(l)?
1
Suppose 5*o + 3*x + 237 = 0, 0 = 4*x + 22 - 6. What is the tens digit of (o*3)/(5 + -6)?
3
Let t = 42 - 36. Let o(j) be the first derivative of j**4/4 - 2*j**3 + j**2/2 + j - 1. What is the units digit of o(t)?
7
Suppose 0 = o + 3*z - 9, -z - 39 = -o + 2*z. Suppose -9*b + 3*b + o = 0. Suppose -j + b = -0. What is the units digit of j?
4
Suppose -7*o = -2*o - w - 9492, -2*o - 4*w = -3788. What is the thousands digit of o?
1
Suppose 0*d = 3*d - 1113. What is the tens digit of d/7*(-1 - -2)?
5
Let b = 28 - 30. What is the units digit of (b - (-153)/3) + -3?
6
Let v be 5/((-75)/6)*-5. Suppose -6*y = -v*y - 4. What is the units digit of -1 + y*(-28)/(-2)?
3
Let i be ((-2)/3)/(((-16)/(-1062))/(-4)). Let j = -73 + i. What is the units digit of j?
4
Let g = 305 + 30. What is the hundreds digit of g?
3
Suppose 5*p - 2*u - 2*u + 759 = 0, 3*u = -12. Let t = -74 - p. What is the tens digit of t?
8
Let h be (-184)/12*3/(-2). Let j = h + -38. What is the units digit of (12/j)/(10/(-25))?
2
Let c(k) = k - 7. Let b be c(11). Suppose -b*j + 396 = -13*j. Let w = -20 - j. What is the tens digit of w?
2
Suppose -u + 14 = 3*u - t, -3*u + 7 = t. Suppose -u*w + 7*w - 472 = 0. What is the tens digit of w?
1
Let f(j) = j - 13. Let n be f(-12). What is the tens digit of ((-12)/4 - n) + 2?
2
Let f = 57 - 69. What is the units digit of (f/(-2))/(10/15)?
9
Suppose 0 = 5*v - 14 - 1. Let q be 2 - (v - 2)*-2. Suppose -2*w - 3*t = -q - 19, 4*t = -2*w + 26. What is the units digit of w?
7
Suppose -s = -2*r - 26, 24 + 30 = 4*s + 2*r. Let c = s - 13. Suppose u + 2 = -z, u = c*z - z + 13. What is the units digit of u?
3
Suppose 4*n + 12 = 0, 2*t + 3*n - 35 = 8*n. Let i be t/25 - 52/5. Let g = i + 12. What is the units digit of g?
2
Suppose 0 = 3*j - 1195 - 161. Suppose u = -3*u - j. Let v = -66 - u. What is the tens digit of v?
4
Suppose -4*k + 12 = -8. Suppose -k*s + 3*f = -636 + 35, -2*s + 2*f + 238 = 0. What is the hundreds digit of s?
1
Let m be ((-116)/2)/(5 - 6). Let u = 20 + m. What is the tens digit of u?
7
Let j = 12 + -10. Suppose j = -f + 7. Suppose -2*m + 85 = -2*g + 23, -f*m - g = -131. What is the tens digit of m?
2
What is the tens digit of (69/(-15))/(8/(-440))?
5
Suppose 20*q - 62*